{"id":195,"date":"2023-10-31T13:29:01","date_gmt":"2023-10-31T16:29:01","guid":{"rendered":"https:\/\/utfpr.curitiba.br\/ajudagestao\/?page_id=195"},"modified":"2025-01-30T11:37:38","modified_gmt":"2025-01-30T14:37:38","slug":"praticas-iniciais","status":"publish","type":"page","link":"https:\/\/utfpr.curitiba.br\/ajudagestao\/?page_id=195","title":{"rendered":"Coordenadores de Cursos de Gradua\u00e7\u00e3o \/ Primeiras A\u00e7\u00f5es"},"content":{"rendered":"\n<p>As <strong>primeiras a\u00e7\u00f5es<\/strong> necess\u00e1rias a uma nova pessoa na coordena\u00e7\u00e3o s\u00e3o:<\/p>\n\n\n\n<ul class=\"wp-block-list\">\n<li>Solicitar a portaria de Coordena\u00e7\u00e3o;<\/li>\n\n\n\n<li>Redefinir ou reconduzir os cargos especiais: PRAInt, PRAExt, PRATCC, PRAtividadesComplementes e PRAE, solicitando as devidas portarias;<\/li>\n\n\n\n<li>Formar comiss\u00e3o para conduzir as elei\u00e7\u00f5es do Colegiado (consultar o Regulamento do Colegiado e procedimentos definidos pela DIRGRAD);<\/li>\n\n\n\n<li>Solicitar portaria para o novo Colegiado;<\/li>\n\n\n\n<li>Definir, juntamente com o Colegiado, como ser\u00e3o indicados os novos membros do NDE;<\/li>\n\n\n\n<li>Atualizar o site oficial do curso, especialmente a categoria contato;<\/li>\n\n\n\n<li>Ambientar-se sobre os meios de comunica\u00e7\u00e3o do curso, tanto os oficiais (e-mail), quanto os complementares (Instagram, Facebook, WhatsApp, Discord).<\/li>\n<\/ul>\n\n\n\n<p class=\"has-neve-text-color-color has-text-color has-link-color wp-elements-4a7e86eaa2612bf848f195a122379303\">Alguns documentos de apoio podem ser encontrados atrav\u00e9s do seguinte link: <a href=\"https:\/\/drive.google.com\/drive\/folders\/1oLm3fAkOYx8jyb5P5z41YeK6hisKSBOl \">https:\/\/drive.google.com\/drive\/folders\/1oLm3fAkOYx8jyb5P5z41YeK6hisKSBOl <\/a><\/p>\n\n\n\n<p>Demais informa\u00e7\u00f5es referente aos processos podem ser encontrados nas bases de conhecimento da plataforma <a href=\"https:\/\/sei.utfpr.edu.br\/sip\/login.php?sigla_orgao_sistema=UTFPR&amp;sigla_sistema=SEI&amp;infra_url=L3NlaS8=\" data-type=\"URL\" data-id=\"https:\/\/sei.utfpr.edu.br\/sip\/login.php?sigla_orgao_sistema=UTFPR&amp;sigla_sistema=SEI&amp;infra_url=L3NlaS8=\" target=\"_blank\" rel=\"noreferrer noopener\">SEI!<\/a>.<\/p>\n\n\n\n<div class=\"wp-block-buttons has-custom-font-size is-content-justification-center is-layout-flex wp-container-core-buttons-is-layout-16018d1d wp-block-buttons-is-layout-flex\" style=\"font-size:16px\">\n<div class=\"wp-block-button has-custom-width wp-block-button__width-75 has-custom-font-size has-small-font-size\"><a class=\"wp-block-button__link has-neve-link-color-background-color has-background wp-element-button\" href=\"https:\/\/utfpr.curitiba.br\/ajudagestao\/?page_id=431\" style=\"border-radius:11px;padding-top:var(--wp--preset--spacing--40);padding-bottom:var(--wp--preset--spacing--40)\">Estrutura da coordena\u00e7\u00e3o<\/a><\/div>\n<\/div>\n\n\n\n<p><\/p>\n\n\n\n<p class=\"has-nv-c-2-color has-text-color has-medium-font-size\"><strong>Paginas \u00fateis<\/strong><\/p>\n\n\n\n<p class=\"has-text-align-center has-nv-light-bg-background-color has-background\"><a href=\"https:\/\/utfpr.curitiba.br\/ajudagestao\/?page_id=203\" data-type=\"link\" data-id=\"https:\/\/utfpr.curitiba.br\/ajudagestao\/?page_id=203\" target=\"_blank\" rel=\"noreferrer noopener\">Portarias<\/a>  |  <a href=\"https:\/\/utfpr.curitiba.br\/ajudagestao\/?page_id=199\" data-type=\"link\" data-id=\"https:\/\/utfpr.curitiba.br\/ajudagestao\/?page_id=199\" target=\"_blank\" rel=\"noreferrer noopener\">Regulamentos<\/a>  |  <a href=\"https:\/\/utfpr.curitiba.br\/ajudagestao\/?page_id=210\" data-type=\"link\" data-id=\"https:\/\/utfpr.curitiba.br\/ajudagestao\/?page_id=210\" target=\"_blank\" rel=\"noreferrer noopener\">Cargos especiais<\/a>  |  <a href=\"https:\/\/utfpr.curitiba.br\/ajudagestao\/?page_id=469\" data-type=\"link\" data-id=\"https:\/\/utfpr.curitiba.br\/ajudagestao\/?page_id=469\" target=\"_blank\" rel=\"noreferrer noopener\">Colegiado\/NDE<\/a>  |  <a href=\"https:\/\/utfpr.curitiba.br\/ajudagestao\/?page_id=335\" data-type=\"link\" data-id=\"https:\/\/utfpr.curitiba.br\/ajudagestao\/?page_id=335\">Comunica\u00e7\u00e3o<\/a><\/p>\n","protected":false},"excerpt":{"rendered":"<p>As primeiras a\u00e7\u00f5es necess\u00e1rias a uma nova pessoa na coordena\u00e7\u00e3o s\u00e3o: Alguns documentos de apoio podem ser encontrados atrav\u00e9s do seguinte link: https:\/\/drive.google.com\/drive\/folders\/1oLm3fAkOYx8jyb5P5z41YeK6hisKSBOl Demais informa\u00e7\u00f5es referente aos processos podem ser encontrados nas bases de conhecimento da plataforma SEI!. Paginas \u00fateis Portarias | Regulamentos | Cargos especiais | Colegiado\/NDE | Comunica\u00e7\u00e3o<\/p>\n","protected":false},"author":270,"featured_media":0,"parent":0,"menu_order":0,"comment_status":"closed","ping_status":"closed","template":"","meta":{"neve_meta_sidebar":"","neve_meta_container":"","neve_meta_enable_content_width":"","neve_meta_content_width":0,"neve_meta_title_alignment":"","neve_meta_author_avatar":"","neve_post_elements_order":"","neve_meta_disable_header":"","neve_meta_disable_footer":"","neve_meta_disable_title":"","footnotes":""},"class_list":["post-195","page","type-page","status-publish","hentry"],"_links":{"self":[{"href":"https:\/\/utfpr.curitiba.br\/ajudagestao\/index.php?rest_route=\/wp\/v2\/pages\/195","targetHints":{"allow":["GET"]}}],"collection":[{"href":"https:\/\/utfpr.curitiba.br\/ajudagestao\/index.php?rest_route=\/wp\/v2\/pages"}],"about":[{"href":"https:\/\/utfpr.curitiba.br\/ajudagestao\/index.php?rest_route=\/wp\/v2\/types\/page"}],"author":[{"embeddable":true,"href":"https:\/\/utfpr.curitiba.br\/ajudagestao\/index.php?rest_route=\/wp\/v2\/users\/270"}],"replies":[{"embeddable":true,"href":"https:\/\/utfpr.curitiba.br\/ajudagestao\/index.php?rest_route=%2Fwp%2Fv2%2Fcomments&post=195"}],"version-history":[{"count":23,"href":"https:\/\/utfpr.curitiba.br\/ajudagestao\/index.php?rest_route=\/wp\/v2\/pages\/195\/revisions"}],"predecessor-version":[{"id":1655,"href":"https:\/\/utfpr.curitiba.br\/ajudagestao\/index.php?rest_route=\/wp\/v2\/pages\/195\/revisions\/1655"}],"wp:attachment":[{"href":"https:\/\/utfpr.curitiba.br\/ajudagestao\/index.php?rest_route=%2Fwp%2Fv2%2Fmedia&parent=195"}],"curies":[{"name":"wp","href":"https:\/\/api.w.org\/{rel}","templated":true}]}}